{"id":219,"date":"2017-02-26T17:39:36","date_gmt":"2017-02-26T17:39:36","guid":{"rendered":"http:\/\/avamed.czest.pl\/?page_id=219"},"modified":"2025-01-26T12:55:45","modified_gmt":"2025-01-26T12:55:45","slug":"polozna-srodowiskowo-rodzinna","status":"publish","type":"page","link":"http:\/\/avamed.czest.pl\/?page_id=219","title":{"rendered":"Gabinet po\u0142o\u017cnej \u015brodowiskowo-rodzinnej"},"content":{"rendered":"\n<p><\/p>\n\n\n\n<p class=\"has-text-align-center has-large-font-size\">Gabinet po\u0142o\u017cnej<\/p>\n\n\n\n<p class=\"has-text-align-center has-large-font-size\">\u015arodowiskowo &#8211; Rodzinnej czynny <\/p>\n\n\n\n<p class=\"has-text-align-center has-large-font-size\">od poniedzia\u0142ku  do pi\u0105tku <\/p>\n\n\n\n<p class=\"has-text-align-center has-large-font-size\">od 8:00 do 18:00<\/p>\n\n\n\n<p class=\"has-medium-font-size\">Przychodnia czynna jest od poniedzia\u0142ku do pi\u0105tku w godzinach od 8:00 do 18:00<\/p>\n\n\n\n<p class=\"has-medium-font-size\">Rejestracja pacjent\u00f3w odbywa si\u0119 osobi\u015bcie, przez osoby trzecie b\u0105d\u017a telefonicznie pod numerem telefonu  <\/p>\n\n\n\n<p class=\"has-text-align-left has-medium-font-size\">                34&nbsp;371 00 10,<\/p>\n\n\n\n<p class=\"has-text-align-left has-medium-font-size\">                         34 371 00 12 <\/p>\n\n\n\n<p class=\"has-medium-font-size\">                                   790 710 616<\/p>\n\n\n\n<p class=\"has-medium-font-size\">\u2013 rejestracja telefoniczna odbywa si\u0119 od godziny 8:00 do 18:00<\/p>\n\n\n\n<p class=\"has-medium-font-size\"> W gabinecie po\u0142o\u017cnej \u015brodowiskowo &#8211; rodzinnej pracuj\u0105 :<\/p>\n\n\n\n<ol>\n<li class=\"has-medium-font-size\">Kluba  Agata<\/li>\n\n\n\n<li class=\"has-medium-font-size\">Szwaja Beata<\/li>\n<\/ol>\n","protected":false},"excerpt":{"rendered":"<p>Gabinet po\u0142o\u017cnej \u015arodowiskowo &#8211; Rodzinnej czynny od poniedzia\u0142ku do pi\u0105tku od 8:00 do 18:00 Przychodnia czynna jest od poniedzia\u0142ku do pi\u0105tku w godzinach od 8:00 do 18:00 Rejestracja pacjent\u00f3w odbywa si\u0119 osobi\u015bcie, przez osoby trzecie b\u0105d\u017a telefonicznie pod numerem telefonu 34&nbsp;371 00 10, 34 371 00 12 790 710 616 \u2013 rejestracja telefoniczna odbywa si\u0119 [&hellip;]<\/p>\n","protected":false},"author":1,"featured_media":0,"parent":210,"menu_order":10,"comment_status":"closed","ping_status":"closed","template":"","meta":{"_mi_skip_tracking":false},"yoast_head":"<!-- This site is optimized with the Yoast SEO plugin v20.3 - https:\/\/yoast.com\/wordpress\/plugins\/seo\/ -->\n<title>Gabinet po\u0142o\u017cnej \u015brodowiskowo-rodzinnej - Avamed<\/title>\n<meta name=\"robots\" content=\"index, follow, max-snippet:-1, max-image-preview:large, max-video-preview:-1\" \/>\n<link rel=\"canonical\" href=\"http:\/\/avamed.czest.pl\/?page_id=219\" \/>\n<meta property=\"og:locale\" content=\"pl_PL\" \/>\n<meta property=\"og:type\" content=\"article\" \/>\n<meta property=\"og:title\" content=\"Gabinet po\u0142o\u017cnej \u015brodowiskowo-rodzinnej - Avamed\" \/>\n<meta property=\"og:description\" content=\"Gabinet po\u0142o\u017cnej \u015arodowiskowo &#8211; Rodzinnej czynny od poniedzia\u0142ku do pi\u0105tku od 8:00 do 18:00 Przychodnia czynna jest od poniedzia\u0142ku do pi\u0105tku w godzinach od 8:00 do 18:00 Rejestracja pacjent\u00f3w odbywa si\u0119 osobi\u015bcie, przez osoby trzecie b\u0105d\u017a telefonicznie pod numerem telefonu 34&nbsp;371 00 10, 34 371 00 12 790 710 616 \u2013 rejestracja telefoniczna odbywa si\u0119 [&hellip;]\" \/>\n<meta property=\"og:url\" content=\"http:\/\/avamed.czest.pl\/?page_id=219\" \/>\n<meta property=\"og:site_name\" content=\"Avamed\" \/>\n<meta property=\"article:modified_time\" content=\"2025-01-26T12:55:45+00:00\" \/>\n<meta name=\"twitter:card\" content=\"summary_large_image\" \/>\n<meta name=\"twitter:label1\" content=\"Szacowany czas czytania\" \/>\n\t<meta name=\"twitter:data1\" content=\"1 minuta\" \/>\n<script type=\"application\/ld+json\" class=\"yoast-schema-graph\">{\"@context\":\"https:\/\/schema.org\",\"@graph\":[{\"@type\":\"WebPage\",\"@id\":\"http:\/\/avamed.czest.pl\/?page_id=219\",\"url\":\"http:\/\/avamed.czest.pl\/?page_id=219\",\"name\":\"Gabinet po\u0142o\u017cnej \u015brodowiskowo-rodzinnej - Avamed\",\"isPartOf\":{\"@id\":\"http:\/\/avamed.czest.pl\/#website\"},\"datePublished\":\"2017-02-26T17:39:36+00:00\",\"dateModified\":\"2025-01-26T12:55:45+00:00\",\"breadcrumb\":{\"@id\":\"http:\/\/avamed.czest.pl\/?page_id=219#breadcrumb\"},\"inLanguage\":\"pl-PL\",\"potentialAction\":[{\"@type\":\"ReadAction\",\"target\":[\"http:\/\/avamed.czest.pl\/?page_id=219\"]}]},{\"@type\":\"BreadcrumbList\",\"@id\":\"http:\/\/avamed.czest.pl\/?page_id=219#breadcrumb\",\"itemListElement\":[{\"@type\":\"ListItem\",\"position\":1,\"name\":\"Strona g\u0142\u00f3wna\",\"item\":\"http:\/\/avamed.czest.pl\/\"},{\"@type\":\"ListItem\",\"position\":2,\"name\":\"Avamed\",\"item\":\"http:\/\/avamed.czest.pl\/?page_id=210\"},{\"@type\":\"ListItem\",\"position\":3,\"name\":\"Gabinet po\u0142o\u017cnej \u015brodowiskowo-rodzinnej\"}]},{\"@type\":\"WebSite\",\"@id\":\"http:\/\/avamed.czest.pl\/#website\",\"url\":\"http:\/\/avamed.czest.pl\/\",\"name\":\"Avamed\",\"description\":\"Przychodnia Zdrowia Avamed Cz\u0119stochowa\",\"potentialAction\":[{\"@type\":\"SearchAction\",\"target\":{\"@type\":\"EntryPoint\",\"urlTemplate\":\"http:\/\/avamed.czest.pl\/?s={search_term_string}\"},\"query-input\":\"required name=search_term_string\"}],\"inLanguage\":\"pl-PL\"}]}<\/script>\n<!-- \/ Yoast SEO plugin. -->","yoast_head_json":{"title":"Gabinet po\u0142o\u017cnej \u015brodowiskowo-rodzinnej - Avamed","robots":{"index":"index","follow":"follow","max-snippet":"max-snippet:-1","max-image-preview":"max-image-preview:large","max-video-preview":"max-video-preview:-1"},"canonical":"http:\/\/avamed.czest.pl\/?page_id=219","og_locale":"pl_PL","og_type":"article","og_title":"Gabinet po\u0142o\u017cnej \u015brodowiskowo-rodzinnej - Avamed","og_description":"Gabinet po\u0142o\u017cnej \u015arodowiskowo &#8211; Rodzinnej czynny od poniedzia\u0142ku do pi\u0105tku od 8:00 do 18:00 Przychodnia czynna jest od poniedzia\u0142ku do pi\u0105tku w godzinach od 8:00 do 18:00 Rejestracja pacjent\u00f3w odbywa si\u0119 osobi\u015bcie, przez osoby trzecie b\u0105d\u017a telefonicznie pod numerem telefonu 34&nbsp;371 00 10, 34 371 00 12 790 710 616 \u2013 rejestracja telefoniczna odbywa si\u0119 [&hellip;]","og_url":"http:\/\/avamed.czest.pl\/?page_id=219","og_site_name":"Avamed","article_modified_time":"2025-01-26T12:55:45+00:00","twitter_card":"summary_large_image","twitter_misc":{"Szacowany czas czytania":"1 minuta"},"schema":{"@context":"https:\/\/schema.org","@graph":[{"@type":"WebPage","@id":"http:\/\/avamed.czest.pl\/?page_id=219","url":"http:\/\/avamed.czest.pl\/?page_id=219","name":"Gabinet po\u0142o\u017cnej \u015brodowiskowo-rodzinnej - Avamed","isPartOf":{"@id":"http:\/\/avamed.czest.pl\/#website"},"datePublished":"2017-02-26T17:39:36+00:00","dateModified":"2025-01-26T12:55:45+00:00","breadcrumb":{"@id":"http:\/\/avamed.czest.pl\/?page_id=219#breadcrumb"},"inLanguage":"pl-PL","potentialAction":[{"@type":"ReadAction","target":["http:\/\/avamed.czest.pl\/?page_id=219"]}]},{"@type":"BreadcrumbList","@id":"http:\/\/avamed.czest.pl\/?page_id=219#breadcrumb","itemListElement":[{"@type":"ListItem","position":1,"name":"Strona g\u0142\u00f3wna","item":"http:\/\/avamed.czest.pl\/"},{"@type":"ListItem","position":2,"name":"Avamed","item":"http:\/\/avamed.czest.pl\/?page_id=210"},{"@type":"ListItem","position":3,"name":"Gabinet po\u0142o\u017cnej \u015brodowiskowo-rodzinnej"}]},{"@type":"WebSite","@id":"http:\/\/avamed.czest.pl\/#website","url":"http:\/\/avamed.czest.pl\/","name":"Avamed","description":"Przychodnia Zdrowia Avamed Cz\u0119stochowa","potentialAction":[{"@type":"SearchAction","target":{"@type":"EntryPoint","urlTemplate":"http:\/\/avamed.czest.pl\/?s={search_term_string}"},"query-input":"required name=search_term_string"}],"inLanguage":"pl-PL"}]}},"_links":{"self":[{"href":"http:\/\/avamed.czest.pl\/index.php?rest_route=\/wp\/v2\/pages\/219"}],"collection":[{"href":"http:\/\/avamed.czest.pl\/index.php?rest_route=\/wp\/v2\/pages"}],"about":[{"href":"http:\/\/avamed.czest.pl\/index.php?rest_route=\/wp\/v2\/types\/page"}],"author":[{"embeddable":true,"href":"http:\/\/avamed.czest.pl\/index.php?rest_route=\/wp\/v2\/users\/1"}],"replies":[{"embeddable":true,"href":"http:\/\/avamed.czest.pl\/index.php?rest_route=%2Fwp%2Fv2%2Fcomments&post=219"}],"version-history":[{"count":11,"href":"http:\/\/avamed.czest.pl\/index.php?rest_route=\/wp\/v2\/pages\/219\/revisions"}],"predecessor-version":[{"id":734,"href":"http:\/\/avamed.czest.pl\/index.php?rest_route=\/wp\/v2\/pages\/219\/revisions\/734"}],"up":[{"embeddable":true,"href":"http:\/\/avamed.czest.pl\/index.php?rest_route=\/wp\/v2\/pages\/210"}],"wp:attachment":[{"href":"http:\/\/avamed.czest.pl\/index.php?rest_route=%2Fwp%2Fv2%2Fmedia&parent=219"}],"curies":[{"name":"wp","href":"https:\/\/api.w.org\/{rel}","templated":true}]}}