{"id":630,"date":"2023-12-03T19:06:33","date_gmt":"2023-12-03T19:06:33","guid":{"rendered":"http:\/\/avamed.czest.pl\/?page_id=630"},"modified":"2023-12-03T20:15:21","modified_gmt":"2023-12-03T20:15:21","slug":"zasady-zglaszania-wizyt-domowych","status":"publish","type":"page","link":"http:\/\/avamed.czest.pl\/?page_id=630","title":{"rendered":"ZASADY ZGLASZANIA WIZYT DOMOWYCH"},"content":{"rendered":"\n<ol>\n<li>Zg\u0142oszenie wizyt domowych dotycz\u0105 zar\u00f3wno wizyt realizowanych przez lekarzy rodzinnych jak i piel\u0119gniarki oraz po\u0142o\u017cne \u015brodowiskowo\/rodzinne. <\/li>\n\n\n\n<li>Warunkiem przeprowadzenia lekarskiej wizyty domowej u zg\u0142aszaj\u0105cego jest z\u0142o\u017cenie przez niego deklaracji wyboru lekarza POZ w NZOZ,,AVAMED\u201d. <\/li>\n\n\n\n<li>Poradnia zastrzega sobie prawo odmowy przyj\u0119cia deklaracji od os\u00f3b, kt\u00f3rym z uwagi na miejsce zamieszkania nie jest wstanie \u015bwiadczy\u0107 wizyt domowych. <\/li>\n\n\n\n<li>Pacjentom przys\u0142uguje prawo do lekarskiej wizyty domowej w ramach \u015bwiadcze\u0144 NFZ w przypadku nag\u0142ego zachorowania lub pogorszenia si\u0119 stanu zdrowia. <\/li>\n\n\n\n<li>Wizyty domowe realizowane s\u0105 w godzinach pracy poradni. <\/li>\n\n\n\n<li>W dni ustawowo wolne i poza godzinami pracy poradni (w razie nag\u0142ego zachorowania lub nag\u0142ego pogorszenia stanu zdrowia) wizyta domowa mo\u017ce odby\u0107 si\u0119 w ramach nocnej i \u015bwi\u0105tecznej opieki zdrowotnej. Informacj\u0119 dla pacjenta o nocnej i \u015bwi\u0105tecznej opiece zdrowotnej s\u0105 dost\u0119pne w obiekcie poradni poza budynkiem oraz na stronie internetowej. <\/li>\n\n\n\n<li>W sytuacjach bezpo\u015bredniego zagro\u017cenia \u017cycia pacjenta, wyklucza si\u0119 mo\u017cliwo\u015b\u0107 um\u00f3wienia wizyty domowej (m.in. w przypadkach omdlenia, upadk\u00f3w z wysoko\u015bci i zwi\u0105zanych z nimi z\u0142amaniami, r\u00f3\u017cne wypadki komunikacyjne, zaburzenia \u015bwiadomo\u015bci bez wyra\u017anej przyczyny, nag\u0142e urazy powsta\u0142e w wyniku wypadk\u00f3w, duszno\u015bci, b\u00f3le w klatce piersiowej, pora\u017cenie pr\u0105dem, a tak\u017ce por\u00f3d i wszelkie powa\u017cne dolegliwo\u015bci zwi\u0105zane z przebiegiem ci\u0105\u017cy). Ka\u017cda z powy\u017cszych sytuacji wymaga wezwania przez pacjenta\/ opiekuna POGOTOWIA RATUNKOWEGO 112 lub 999. <\/li>\n\n\n\n<li>Zg\u0142oszenia na wizyt\u0119 domow\u0105 na dzie\u0144 bie\u017c\u0105cy przyjmowane s\u0105 do godziny 16.00 pod numerem telefonu 34- 37 100 10, 34- 37 100 12, 34- 36 315 37 <\/li>\n\n\n\n<li>Termin wizyty domowej mo\u017ce zosta\u0107 ustalony osobi\u015bcie, telefonicznie lub poprzez osoby trzecie, tak jak w przypadku normalnej wizyty lekarskiej w przychodni. <\/li>\n\n\n\n<li>Lekarz POZ po otrzymaniu zg\u0142oszenia i na podstawie wywiadu z pacjentem \/opiekunem lub osob\u0105 wyznaczon\u0105 przez pacjenta do kontaktu, podejmuje decyzj\u0119 o realizacji wizyty domowej:<\/li>\n<\/ol>\n\n\n\n<ul>\n<li>sytuacji, gdy stan pacjenta jest powa\u017cny, wizyta domowa odbywa si\u0119 niezw\u0142ocznie w dniu zg\u0142oszenia, <\/li>\n\n\n\n<li> je\u015bli wizyta domowa dotyczy osoby chorej przewlekle, termin ustala lekarz w porozumieniu z pacjentem, <\/li>\n\n\n\n<li> w sytuacji nie wymagaj\u0105cej osobistej wizyty lekarza \u2013 po ocenie przez lekarza problemu zdrowotnego pacjenta \u2013 w zast\u0119pstwie \u2013 i na zlecenie lekarskie, wizyt\u0119 mo\u017ce zrealizowa\u0107 piel\u0119gniarka \u015brodowiskowa.<\/li>\n<\/ul>\n\n\n\n<h3 class=\"wp-block-heading has-text-align-center\">Lekarz (w ka\u017cdym z powy\u017cszych przypadk\u00f3w), przekazuje informacj\u0119 z podaniem daty i przybli\u017conej godziny realizacji wizyty domowej osobie zg\u0142aszaj\u0105cej. <\/h3>\n\n\n\n<h3 class=\"wp-block-heading has-text-align-right\">PREZES<\/h3>\n","protected":false},"excerpt":{"rendered":"<p>Lekarz (w ka\u017cdym z powy\u017cszych przypadk\u00f3w), przekazuje informacj\u0119 z podaniem daty i przybli\u017conej godziny realizacji wizyty domowej osobie zg\u0142aszaj\u0105cej. PREZES<\/p>\n","protected":false},"author":1,"featured_media":0,"parent":0,"menu_order":0,"comment_status":"closed","ping_status":"closed","template":"","meta":{"_mi_skip_tracking":false},"yoast_head":"<!-- This site is optimized with the Yoast SEO plugin v20.3 - https:\/\/yoast.com\/wordpress\/plugins\/seo\/ -->\n<title>ZASADY ZGLASZANIA WIZYT DOMOWYCH - Avamed<\/title>\n<meta name=\"robots\" content=\"index, follow, max-snippet:-1, max-image-preview:large, max-video-preview:-1\" \/>\n<link rel=\"canonical\" href=\"https:\/\/avamed.czest.pl\/?page_id=630\" \/>\n<meta property=\"og:locale\" content=\"pl_PL\" \/>\n<meta property=\"og:type\" content=\"article\" \/>\n<meta property=\"og:title\" content=\"ZASADY ZGLASZANIA WIZYT DOMOWYCH - Avamed\" \/>\n<meta property=\"og:description\" content=\"Lekarz (w ka\u017cdym z powy\u017cszych przypadk\u00f3w), przekazuje informacj\u0119 z podaniem daty i przybli\u017conej godziny realizacji wizyty domowej osobie zg\u0142aszaj\u0105cej. PREZES\" \/>\n<meta property=\"og:url\" content=\"https:\/\/avamed.czest.pl\/?page_id=630\" \/>\n<meta property=\"og:site_name\" content=\"Avamed\" \/>\n<meta property=\"article:modified_time\" content=\"2023-12-03T20:15:21+00:00\" \/>\n<meta name=\"twitter:card\" content=\"summary_large_image\" \/>\n<meta name=\"twitter:label1\" content=\"Szacowany czas czytania\" \/>\n\t<meta name=\"twitter:data1\" content=\"3 minuty\" \/>\n<script type=\"application\/ld+json\" class=\"yoast-schema-graph\">{\"@context\":\"https:\/\/schema.org\",\"@graph\":[{\"@type\":\"WebPage\",\"@id\":\"https:\/\/avamed.czest.pl\/?page_id=630\",\"url\":\"https:\/\/avamed.czest.pl\/?page_id=630\",\"name\":\"ZASADY ZGLASZANIA WIZYT DOMOWYCH - Avamed\",\"isPartOf\":{\"@id\":\"http:\/\/avamed.czest.pl\/#website\"},\"datePublished\":\"2023-12-03T19:06:33+00:00\",\"dateModified\":\"2023-12-03T20:15:21+00:00\",\"breadcrumb\":{\"@id\":\"https:\/\/avamed.czest.pl\/?page_id=630#breadcrumb\"},\"inLanguage\":\"pl-PL\",\"potentialAction\":[{\"@type\":\"ReadAction\",\"target\":[\"https:\/\/avamed.czest.pl\/?page_id=630\"]}]},{\"@type\":\"BreadcrumbList\",\"@id\":\"https:\/\/avamed.czest.pl\/?page_id=630#breadcrumb\",\"itemListElement\":[{\"@type\":\"ListItem\",\"position\":1,\"name\":\"Strona g\u0142\u00f3wna\",\"item\":\"http:\/\/avamed.czest.pl\/\"},{\"@type\":\"ListItem\",\"position\":2,\"name\":\"ZASADY ZGLASZANIA WIZYT DOMOWYCH\"}]},{\"@type\":\"WebSite\",\"@id\":\"http:\/\/avamed.czest.pl\/#website\",\"url\":\"http:\/\/avamed.czest.pl\/\",\"name\":\"Avamed\",\"description\":\"Przychodnia Zdrowia Avamed Cz\u0119stochowa\",\"potentialAction\":[{\"@type\":\"SearchAction\",\"target\":{\"@type\":\"EntryPoint\",\"urlTemplate\":\"http:\/\/avamed.czest.pl\/?s={search_term_string}\"},\"query-input\":\"required name=search_term_string\"}],\"inLanguage\":\"pl-PL\"}]}<\/script>\n<!-- \/ Yoast SEO plugin. -->","yoast_head_json":{"title":"ZASADY ZGLASZANIA WIZYT DOMOWYCH - Avamed","robots":{"index":"index","follow":"follow","max-snippet":"max-snippet:-1","max-image-preview":"max-image-preview:large","max-video-preview":"max-video-preview:-1"},"canonical":"https:\/\/avamed.czest.pl\/?page_id=630","og_locale":"pl_PL","og_type":"article","og_title":"ZASADY ZGLASZANIA WIZYT DOMOWYCH - Avamed","og_description":"Lekarz (w ka\u017cdym z powy\u017cszych przypadk\u00f3w), przekazuje informacj\u0119 z podaniem daty i przybli\u017conej godziny realizacji wizyty domowej osobie zg\u0142aszaj\u0105cej. PREZES","og_url":"https:\/\/avamed.czest.pl\/?page_id=630","og_site_name":"Avamed","article_modified_time":"2023-12-03T20:15:21+00:00","twitter_card":"summary_large_image","twitter_misc":{"Szacowany czas czytania":"3 minuty"},"schema":{"@context":"https:\/\/schema.org","@graph":[{"@type":"WebPage","@id":"https:\/\/avamed.czest.pl\/?page_id=630","url":"https:\/\/avamed.czest.pl\/?page_id=630","name":"ZASADY ZGLASZANIA WIZYT DOMOWYCH - Avamed","isPartOf":{"@id":"http:\/\/avamed.czest.pl\/#website"},"datePublished":"2023-12-03T19:06:33+00:00","dateModified":"2023-12-03T20:15:21+00:00","breadcrumb":{"@id":"https:\/\/avamed.czest.pl\/?page_id=630#breadcrumb"},"inLanguage":"pl-PL","potentialAction":[{"@type":"ReadAction","target":["https:\/\/avamed.czest.pl\/?page_id=630"]}]},{"@type":"BreadcrumbList","@id":"https:\/\/avamed.czest.pl\/?page_id=630#breadcrumb","itemListElement":[{"@type":"ListItem","position":1,"name":"Strona g\u0142\u00f3wna","item":"http:\/\/avamed.czest.pl\/"},{"@type":"ListItem","position":2,"name":"ZASADY ZGLASZANIA WIZYT DOMOWYCH"}]},{"@type":"WebSite","@id":"http:\/\/avamed.czest.pl\/#website","url":"http:\/\/avamed.czest.pl\/","name":"Avamed","description":"Przychodnia Zdrowia Avamed Cz\u0119stochowa","potentialAction":[{"@type":"SearchAction","target":{"@type":"EntryPoint","urlTemplate":"http:\/\/avamed.czest.pl\/?s={search_term_string}"},"query-input":"required name=search_term_string"}],"inLanguage":"pl-PL"}]}},"_links":{"self":[{"href":"http:\/\/avamed.czest.pl\/index.php?rest_route=\/wp\/v2\/pages\/630"}],"collection":[{"href":"http:\/\/avamed.czest.pl\/index.php?rest_route=\/wp\/v2\/pages"}],"about":[{"href":"http:\/\/avamed.czest.pl\/index.php?rest_route=\/wp\/v2\/types\/page"}],"author":[{"embeddable":true,"href":"http:\/\/avamed.czest.pl\/index.php?rest_route=\/wp\/v2\/users\/1"}],"replies":[{"embeddable":true,"href":"http:\/\/avamed.czest.pl\/index.php?rest_route=%2Fwp%2Fv2%2Fcomments&post=630"}],"version-history":[{"count":2,"href":"http:\/\/avamed.czest.pl\/index.php?rest_route=\/wp\/v2\/pages\/630\/revisions"}],"predecessor-version":[{"id":647,"href":"http:\/\/avamed.czest.pl\/index.php?rest_route=\/wp\/v2\/pages\/630\/revisions\/647"}],"wp:attachment":[{"href":"http:\/\/avamed.czest.pl\/index.php?rest_route=%2Fwp%2Fv2%2Fmedia&parent=630"}],"curies":[{"name":"wp","href":"https:\/\/api.w.org\/{rel}","templated":true}]}}