{"id":743,"date":"2025-03-16T17:23:26","date_gmt":"2025-03-16T17:23:26","guid":{"rendered":"http:\/\/avamed.czest.pl\/?page_id=743"},"modified":"2025-03-16T21:14:39","modified_gmt":"2025-03-16T21:14:39","slug":"ochrona-maloletnich","status":"publish","type":"page","link":"http:\/\/avamed.czest.pl\/?page_id=743","title":{"rendered":"Ochrona ma\u0142oletnich"},"content":{"rendered":"\n<p class=\"has-text-align-center\">NZOZ ,, AVAMED\u201d &nbsp;Sp. z.o.o jest podmiotem leczniczym, kt\u00f3ry \u015bwiadczy r\u00f3wnie\u017c \u015bwiadczenia medyczne<br>dla pacjent\u00f3w ma\u0142oletnich. &nbsp;<\/p>\n\n\n\n<p class=\"has-text-align-center\"><br><strong><em>Naczeln\u0105 zasad\u0105 wszystkich dzia\u0142a\u0144 podejmowanych przez pracownik\u00f3w plac\u00f3wki<br>&nbsp;jest dzia\u0142anie &nbsp;dla dobra dziecka i w jego najlepszym interesie.<\/em><\/strong><\/p>\n\n\n\n<p><\/p>\n\n\n\n<p class=\"has-text-align-center\">W naszej Przychodni&nbsp; wprowadzone zosta\u0142y &#8211; zgodnie z Ustaw\u0105 o przeciwdzia\u0142aniu zagro\u017ceniom przest\u0119pczo\u015bci\u0105 na tle seksualnym i ochronie ma\u0142oletnich<\/p>\n\n\n\n<p class=\"has-text-align-center has-large-font-size\">&nbsp;STANDARD<strong>Y OCHRONY DZIECI<\/strong><\/p>\n\n\n\n<p><strong>Przychodnia ustanowi\u0142a i wprowadzi\u0142a w \u017cycie Polityk\u0119 ochrony dzieci przed krzywdzeniem,&nbsp;&nbsp;&nbsp;&nbsp;&nbsp;&nbsp;&nbsp;&nbsp;&nbsp; &nbsp;&nbsp;&nbsp;&nbsp;&nbsp;&nbsp;&nbsp;&nbsp;&nbsp;&nbsp;&nbsp;&nbsp;&nbsp;&nbsp;&nbsp;&nbsp;&nbsp;&nbsp;&nbsp;&nbsp;&nbsp;&nbsp;&nbsp;&nbsp;&nbsp;&nbsp;&nbsp;&nbsp;&nbsp;&nbsp;&nbsp;&nbsp;&nbsp;&nbsp;&nbsp;&nbsp;kt\u00f3ra kompleksowo okre\u015bla:<\/strong><\/p>\n\n\n\n<ul>\n<li>zasady bezpiecznej rekrutacji personelu;<\/li>\n\n\n\n<li>spos\u00f3b reagowania na przypadki podejrzenia, \u017ce dziecko do\u015bwiadcza krzywdzenia, i zasady prowadzenia rejestru interwencji;<\/li>\n\n\n\n<li>zasady bezpiecznych relacji personel&nbsp; &#8211; dziecko i dziecko \u2013 dziecko;<\/li>\n\n\n\n<li>zasady bezpiecznego korzystania z Internetu i medi\u00f3w elektronicznych;<\/li>\n\n\n\n<li>zasady ochrony wizerunku i danych osobowych dzieci;<\/li>\n\n\n\n<li>zasady monitorowania wska\u017anik\u00f3w wdro\u017cenia Polityki w \u017cycie;<\/li>\n\n\n\n<li>dzia\u0142alno\u015b\u0107 szkoleniow\u0105;<\/li>\n<\/ul>\n\n\n\n<p><strong>Powy\u017csze cele realizowane s\u0105 poprzez wdro\u017cone Standardy Ochrony Dzieci;<\/strong><\/p>\n\n\n\n<ul>\n<li>&nbsp;Dokument \u201eStandardy ochrony ma\u0142oletnich\u201d zosta\u0142 opracowany, zgodnie z USTAW\u0104<\/li>\n<\/ul>\n\n\n\n<p>z dnia 13 maja 2016 r. (z p\u00f3\u017a. zmianami) o przeciwdzia\u0142aniu zagro\u017ceniom przest\u0119pczo\u015bci\u0105 na tle seksualnym i ochronie ma\u0142oletnich, &nbsp;Kodeks rodzinny i opieku\u0144czy oraz niekt\u00f3rych innych Ustaw (Dz.U. poz. 1606) z p\u00f3\u017a. zmianami.<\/p>\n\n\n\n<ul>\n<li>Zapoznanie pracownik\u00f3w Przychodni, ma\u0142oletnich, ich rodzic\u00f3w oraz opiekun\u00f3w prawnych &nbsp;&nbsp;&nbsp;&nbsp;&nbsp;&nbsp;&nbsp;&nbsp;&nbsp;&nbsp;    &nbsp;ze \u201eStandardami ochrony ma\u0142oletnich\u201d. Dokument jest dost\u0119pny &nbsp;i upowszechniany.<\/li>\n\n\n\n<li>Monitorowanie, edukacj\u0119 i anga\u017cowanie pracownik\u00f3w w celu zapobiegania krzywdzeniu dzieci .<\/li>\n\n\n\n<li>Wdro\u017cono w Przychodni procedury\/instrukcje zg\u0142aszania podejrzenia oraz podejmowania interwencji w sytuacjach zagro\u017cenia bezpiecze\u0144stwa dziecka.<\/li>\n\n\n\n<li>Poprzez zapewnienie skutecznej ochrony na wypadek krzywdzenia lub podejrzenia krzywdzenia ma\u0142oletnich, identyfikacje potrzeb i wymaga\u0144 stron zainteresowanych oraz wsp\u00f3\u0142prac\u0119 ze spo\u0142eczno\u015bci\u0105 lokaln\u0105;<\/li>\n\n\n\n<li>Zapewnienie &nbsp;wykwalifikowanego personelu, kt\u00f3ry w spos\u00f3b ci\u0105g\u0142y doskonali swoj\u0105 wiedz\u0119 i podnosi kwalifikacje zawodowe;<\/li>\n\n\n\n<li>Wzmacnianie w Przychodni poczucia bezpiecze\u0144stwa ma\u0142oletnich w obszarze relacji spo\u0142ecznych oraz ochrony przed tre\u015bciami szkodliwymi i zagro\u017ceniami.<\/li>\n<\/ul>\n\n\n\n<p class=\"has-text-align-center\"><strong>PREZES <\/strong><strong>&nbsp;<\/strong><strong>NZOZ ,, AVAMED\u201d <\/strong><strong>&nbsp;<\/strong><strong>Sp. z.o.o<\/strong><strong> w Cz\u0119stochowie deklaruje<\/strong><strong>,<\/strong><br>&nbsp;i\u017c&nbsp; poprzez osobiste zaanga\u017cowanie w realizacj\u0119 Standard\u00f3w Ochrony Dzieci zapewni sta\u0142e, skuteczne i efektywne funkcjonowanie oraz doskonalenie.<\/p>\n\n\n\n<p class=\"has-text-align-center\">Wszystkich pracownik\u00f3w, a szczeg\u00f3lnie ZARZ\u0104D czyni odpowiedzialnymi za realizacj\u0119 w\/w Polityki &nbsp;<br>w odniesieniu do ich stanowisk pracy i zobowi\u0105zuje do wykazywania inicjatywy w zakresie doskonalenia<br>w\/w Standard\u00f3w.<\/p>\n\n\n\n<p><\/p>\n\n\n\n<p><\/p>\n\n\n\n<p><\/p>\n\n\n\n<h1 class=\"wp-block-heading has-text-align-center\"><strong>INFORMACJE DLA MA\u0141OLETNICH PACJENT\u00d3W<\/strong><\/h1>\n\n\n\n<p><strong>JESTE\u015aMY TUTAJ PO TO, ABY CI POMAGA\u0106:<\/strong><\/p>\n\n\n\n<ol type=\"1\">\n<li>Pami\u0119taj, jako nasz Pacjent jeste\u015b dla nas bardzo wa\u017cny.<\/li>\n\n\n\n<li>Naszym celem jest leczenie i pomaganie.<\/li>\n\n\n\n<li>Chcemy, aby\u015b czu\u0142 si\u0119 w naszej Przychodni jak najlepiej.<\/li>\n\n\n\n<li>Opiekujemy si\u0119 Tob\u0105 teraz, bo potrzebujesz pomocy.<\/li>\n\n\n\n<li>Nasz Personel jest po to, aby pomaga\u0107 dzieciom, udziela\u0107 im wsparcia, je\u015bli wi\u0119c masz jakiekolwiek pytania, czy pro\u015bby zwr\u00f3\u0107 si\u0119 do kt\u00f3rego\u015b z naszych pracownik\u00f3w.<\/li>\n\n\n\n<li>Je\u015bli chcesz, powiedz, jak lubisz, aby do Ciebie si\u0119 zwraca\u0107.<\/li>\n\n\n\n<li>\u015amia\u0142o mo\u017cesz zapyta\u0107, ka\u017cdego naszego pracownika, o to jak ma na imi\u0119.<\/li>\n\n\n\n<li>Pami\u0119taj o tym, \u017ce je\u015bli co\u015b jest dla Ciebie niezrozumia\u0142e, po prostu o to spytaj,<br>a my postaramy si\u0119 to wyja\u015bni\u0107.<\/li>\n\n\n\n<li>Jeste\u015b naszym pacjentem, chcemy aby\u015b wiedzia\u0142, \u017ce Twoje zdrowie jest dla nas bardzo wa\u017cne.<\/li>\n\n\n\n<li>Je\u015bli jest co\u015b, co Ci nie odpowiada, nie czekaj powiedz o tym wprost naszemu pracownikowi, b\u0105d\u017a swoim rodzicom, opiekunom.<\/li>\n\n\n\n<li>Staramy si\u0119 wykonywa\u0107 badania w spos\u00f3b taki, aby nie sprawia\u0107 Ci b\u00f3lu, nie zawsze jest to mo\u017cliwe, czasami musimy dzia\u0142a\u0107 szybko w trosce o Twoje zdrowie.<\/li>\n\n\n\n<li>Je\u015bli jest Ci smutno, t\u0119sknisz za kim\u015b, po&nbsp; prostu powiedz nam o tym, postaramy si\u0119 wsp\u00f3lnie z Tob\u0105 Ci pom\u00f3c. Je\u015bli potrzebujesz pocieszenia, nie wstyd\u017a si\u0119 mo\u017cesz nas o to poprosi\u0107, bez Twojej zgody nie b\u0119dziemy tego robi\u0107, nie martw si\u0119 o to.<\/li>\n\n\n\n<li>Opiekujemy si\u0119 wszystkimi pacjentami tak samo, nie zawsze b\u0119dziemy mieli tyle czasu, dla Ciebie, ile mo\u017ce by\u015b chcia\u0142, ale b\u0119dziemy si\u0119 starali, aby mie\u0107 go jak najwi\u0119cej.<\/li>\n\n\n\n<li>Pami\u0119taj, o tym, \u017ce b\u0119dziemy starali si\u0119 pyta\u0107 Ci\u0119 o Twoje zdanie w sprawach,<br>w kt\u00f3rych mo\u017cemy da\u0107 Ci wyb\u00f3r.<\/li>\n<\/ol>\n\n\n\n<p><strong>PROSIMY CI\u0118 PAMI\u0118TAJ, ABY PRZEBYWAJ\u0104C W NASZEJ PRZYCHODNI: <\/strong><\/p>\n\n\n\n<ol type=\"1\">\n<li>Zachowywa\u0107 si\u0119 z kultur\u0105.<\/li>\n\n\n\n<li>Szanowa\u0107 innych w tym swoich r\u00f3wie\u015bnik\u00f3w.<\/li>\n\n\n\n<li>Przestrzega\u0107 obowi\u0105zuj\u0105cych zasad i regu\u0142 porz\u0105dkowych.<\/li>\n\n\n\n<li>Wykonywa\u0107 polecenia naszego personelu.<\/li>\n<\/ol>\n\n\n\n<p class=\"has-medium-font-size\"><strong>CHCEMY ABY\u015a WIEDZIA\u0141, PRZECZYTAJ TO UWA\u017bNIE:<\/strong><\/p>\n\n\n\n<p class=\"has-text-align-center has-medium-font-size\"><strong>Je\u017celi spotka\u0142o Ci\u0119 w domu, albo w naszej Przychodni, co\u015b, czego nie akceptujesz, co\u015b co Ci\u0119 niepokoi, martwi, smuci, albo kto\u015b Ci\u0119 skrzywdzi\u0142 lub zachowa\u0142 si\u0119 w spos\u00f3b nieodpowiedni, albo w spos\u00f3b, kt\u00f3rego nie akceptujesz, \u015bmia\u0142o mo\u017cesz nam o tym powiedzie\u0107 i poprosi\u0107 o pomoc np. lekarza, piel\u0119gniark\u0119, po\u0142o\u017cn\u0105. Postaramy si\u0119 rozwi\u0105za\u0107 ten problem w taki spos\u00f3b, aby\u015b by\u0142 bezpieczny.<\/strong><\/p>\n\n\n\n<p><strong>PRZEMOC FIZYCZNA:<\/strong><\/p>\n\n\n\n<ol type=\"1\">\n<li>To przemoc, w wyniku kt\u00f3rej dziecko doznaje faktycznej fizycznej krzywdy lub jest ni\u0105 potencjalnie zagro\u017cone.\n<ul>\n<li><span style=\"color: initial;\">Krzywda ta nast\u0119puje w wyniku dzia\u0142ania b\u0105d\u017a zaniechania dzia\u0142ania ze strony rodzica lub innej osoby odpowiedzialnej za dziecko.<\/span><\/li>\n\n\n\n<li><span style=\"color: initial;\">Mo\u017ce by\u0107 czynno\u015bci\u0105 powtarzaln\u0105 lub jednorazow\u0105.<\/span><\/li>\n\n\n\n<li>To bicie, szarpanie, popychanie, rzucanie przedmiotami, kopanie dziecka, potrz\u0105sanie nim lub rzucanie, drapanie, szczypanie, gryzienie, ci\u0105gni\u0119cie za w\u0142osy\/uszy, zmuszanie do przebywania w niewygodnej pozycji, przypalanie, poparzenie lub zmuszanie do zjedzenia\/po\u0142kni\u0119cia czego\u015b.<\/li>\n<\/ul>\n<\/li>\n<\/ol>\n\n\n\n<p><strong>PRZEMOC EMOCJONALNA:<\/strong><\/p>\n\n\n\n<p>1. Przewlek\u0142a, niefizyczna, szkodliwa interakcja pomi\u0119dzy dzieckiem a opiekunem, obejmuj\u0105ca zar\u00f3wno dzia\u0142ania, jak i zaniechania.<\/p>\n\n\n\n<p>2. Zaliczamy do niej m.in.: niedost\u0119pno\u015b\u0107 emocjonaln\u0105, ignorowanie potrzeb emocjonalnych dziecka, relacj\u0119 z dzieckiem opart\u0105 na wrogo\u015bci, obwinianie, oczernianie, odrzucanie, upokarzanie, straszenie, przypisywanie negatywnych cech dziecku, nieodpowiednie rozwojowo lub niekonsekwentne interakcje<br>z dzieckiem, niedostrzeganie lub nieuznawanie indywidualno\u015bci dziecka i granic psychicznych pomi\u0119dzy rodzicem\/opiekunem a dzieckiem.<\/p>\n\n\n\n<p>3. \u00a0Przemoc\u0105 jest tak\u017ce nieodpowiednia socjalizacja, demoralizacja, a tak\u017ce sytuacja, gdy dziecko jest \u015bwiadkiem przemocy.<\/p>\n\n\n\n<p><strong>PRZEMOC SEKSUALNA:<\/strong><\/p>\n\n\n\n<p>1. &nbsp;Ka\u017cda czynno\u015b\u0107 seksualna podejmowana z dzieckiem.<\/p>\n\n\n\n<p>2. W\u0142\u0105czanie dziecka w aktywno\u015b\u0107 seksualn\u0105: kt\u00f3r\u0105 nie jest ono w stanie w pe\u0142ni zrozumie\u0107 i udzieli\u0107 na ni\u0105 \u015bwiadomej zgody, i\/lub na kt\u00f3r\u0105 nie jest dojrza\u0142e rozwojowo i nie mo\u017ce zgodzi\u0107 si\u0119 w wa\u017cny prawnie spos\u00f3b, i\/lub kt\u00f3ra jest niezgodna z normami prawnymi lub obyczajowymi danego spo\u0142ecze\u0144stwa.<\/p>\n\n\n\n<p>3. Aktywno\u015b\u0107 seksualna mi\u0119dzy dzieckiem a doros\u0142ym lub dzieckiem a innym dzieckiem, je\u015bli te osoby ze wzgl\u0119du na wiek b\u0105d\u017a stopie\u0144 rozwoju pozostaj\u0105 w relacji opieki, zale\u017cno\u015bci, w\u0142adzy.<\/p>\n\n\n\n<p>4. &nbsp;Kontakt fizyczny (dotykanie intymnych cz\u0119\u015bci cia\u0142a, penetracja).<\/p>\n\n\n\n<p>5.  Bez kontaktu fizycznego \u2013 ekshibicjonizm, wszelkie formy werbalnego molestowania i sk\u0142aniania do kontaktu z tre\u015bciami pornograficznymi, grooming (uwodzenie w internacie w celu nawi\u0105zania kontaktu).<\/p>\n\n\n\n<p>6. Komercyjne kontakty seksualne z dzieckiem (wyzyskiwanie seksualne dziecka), gdy w zamian za udzia\u0142 w czynno\u015bciach seksualnych dziecko otrzymuje korzy\u015b\u0107 lub obietnic\u0119 korzy\u015bci.<\/p>\n\n\n\n<p><strong>ZANIEDBANIE:<\/strong><\/p>\n\n\n\n<ol type=\"1\">\n<li>Niezaspokajanie podstawowych potrzeb dziecka i\/lub nierespektowanie jego podstawowych praw przez rodzic\u00f3w, opiekun\u00f3w, lub inne osoby zobowi\u0105zane do opieki, wychowania i ochrony dziecka.<\/li>\n\n\n\n<li>Obejmuje zar\u00f3wno pojedyncze sytuacje, jak i schemat funkcjonowania, w kt\u00f3rym rodzic\/opiekun nie zapewnia odpowiednich warunk\u00f3w rozwoju i dobrostanu dziecka.<\/li>\n\n\n\n<li>Mo\u017ce to dotyczy\u0107 takich obszar\u00f3w jak:\n<ul>\n<li>zdrowie,<\/li>\n\n\n\n<li><span style=\"color: initial;\">edukacja,<\/span><\/li>\n\n\n\n<li><span style=\"color: initial;\">rozw\u00f3j emocjonalny, od\u017cywianie,<\/span><\/li>\n\n\n\n<li>schronienie i bezpieczne warunki \u017cycia.<\/li>\n<\/ul>\n<\/li>\n<\/ol>\n\n\n\n<p class=\"has-text-align-center has-medium-font-size\"><strong>INFORMACJE O MO\u017bLIWO\u015aCI UZYSKANIA BEZP\u0141ATNEJ POMOCY<br>PRZEZ DZIECKO<\/strong><\/p>\n\n\n\n<p><\/p>\n\n\n\n<p>Telefon zaufania dla dzieci i m\u0142odzie\u017cy czynny ca\u0142\u0105 dob\u0119 przez ca\u0142y tydzie\u0144. Pami\u0119taj masz prawo szuka\u0107 wsparcia dla siebie. Je\u015bli tego potrzebujesz zadzwo\u0144 pod bezp\u0142atny numerem: <strong>116&nbsp;111<\/strong><\/p>\n\n\n\n<p>Wi\u0119cej informacji mo\u017cesz tak\u017ce uzyska\u0107 wchodz\u0105c na stron\u0119 <a href=\"http:\/\/www.116111.pl\"><strong>www.116111.pl<\/strong><\/a><\/p>\n\n\n\n<p class=\"has-text-align-center\">Rzecznik Praw Dziecka prowadzi darmowy, ca\u0142odobowy <strong>Dzieci\u0119cy Telefon Zaufania<\/strong> gdzie zar\u00f3wno dzieci, jak i ich rodzice, czy opiekunowie mog\u0105 w ka\u017cdej chwili uzyska\u0107 profesjonalne wsparcie psychologiczne i prawne. Je\u015bli tego potrzebujesz zadzwo\u0144\/pod bezp\u0142atny numer:<\/p>\n\n\n\n<p class=\"has-text-align-center has-vivid-red-color has-text-color has-large-font-size\"> <strong>800 12 12 12<\/strong><\/p>\n\n\n\n<p class=\"has-vivid-cyan-blue-color has-text-color has-medium-font-size\"><strong>Ka\u017cde dziecko telefonuj\u0105c pod wskazane numery mo\u017ce porozmawia\u0107 o wszystkim, o\u00a0 przyja\u017ani, mi\u0142o\u015bci, dojrzewaniu, kontaktach z rodzicami, rodze\u0144stwem, problemach w szkole czy emocjach, kt\u00f3rych do\u015bwiadcza. Mo\u017ce uzyska\u0107 pomoc w sytuacji, kiedy czuj\u0105 si\u0119 dyskryminowane, kiedy do\u015bwiadcza przemocy lub jest jej \u015bwiadkiem.<\/strong><\/p>\n","protected":false},"excerpt":{"rendered":"<p>NZOZ ,, AVAMED\u201d &nbsp;Sp. z.o.o jest podmiotem leczniczym, kt\u00f3ry \u015bwiadczy r\u00f3wnie\u017c \u015bwiadczenia medycznedla pacjent\u00f3w ma\u0142oletnich. &nbsp; Naczeln\u0105 zasad\u0105 wszystkich dzia\u0142a\u0144 podejmowanych przez pracownik\u00f3w plac\u00f3wki&nbsp;jest dzia\u0142anie &nbsp;dla dobra dziecka i w jego najlepszym interesie. W naszej Przychodni&nbsp; wprowadzone zosta\u0142y &#8211; zgodnie z Ustaw\u0105 o przeciwdzia\u0142aniu zagro\u017ceniom przest\u0119pczo\u015bci\u0105 na tle seksualnym i ochronie ma\u0142oletnich &nbsp;STANDARDY OCHRONY DZIECI [&hellip;]<\/p>\n","protected":false},"author":1,"featured_media":0,"parent":0,"menu_order":0,"comment_status":"closed","ping_status":"closed","template":"","meta":{"_mi_skip_tracking":false},"yoast_head":"<!-- This site is optimized with the Yoast SEO plugin v20.3 - https:\/\/yoast.com\/wordpress\/plugins\/seo\/ -->\n<title>Ochrona ma\u0142oletnich - Avamed<\/title>\n<meta name=\"robots\" content=\"index, follow, max-snippet:-1, max-image-preview:large, max-video-preview:-1\" \/>\n<link rel=\"canonical\" href=\"http:\/\/avamed.czest.pl\/?page_id=743\" \/>\n<meta property=\"og:locale\" content=\"pl_PL\" \/>\n<meta property=\"og:type\" content=\"article\" \/>\n<meta property=\"og:title\" content=\"Ochrona ma\u0142oletnich - Avamed\" \/>\n<meta property=\"og:description\" content=\"NZOZ ,, AVAMED\u201d &nbsp;Sp. z.o.o jest podmiotem leczniczym, kt\u00f3ry \u015bwiadczy r\u00f3wnie\u017c \u015bwiadczenia medycznedla pacjent\u00f3w ma\u0142oletnich. &nbsp; Naczeln\u0105 zasad\u0105 wszystkich dzia\u0142a\u0144 podejmowanych przez pracownik\u00f3w plac\u00f3wki&nbsp;jest dzia\u0142anie &nbsp;dla dobra dziecka i w jego najlepszym interesie. W naszej Przychodni&nbsp; wprowadzone zosta\u0142y &#8211; zgodnie z Ustaw\u0105 o przeciwdzia\u0142aniu zagro\u017ceniom przest\u0119pczo\u015bci\u0105 na tle seksualnym i ochronie ma\u0142oletnich &nbsp;STANDARDY OCHRONY DZIECI [&hellip;]\" \/>\n<meta property=\"og:url\" content=\"http:\/\/avamed.czest.pl\/?page_id=743\" \/>\n<meta property=\"og:site_name\" content=\"Avamed\" \/>\n<meta property=\"article:modified_time\" content=\"2025-03-16T21:14:39+00:00\" \/>\n<meta name=\"twitter:card\" content=\"summary_large_image\" \/>\n<meta name=\"twitter:label1\" content=\"Szacowany czas czytania\" \/>\n\t<meta name=\"twitter:data1\" content=\"7 minut\" \/>\n<script type=\"application\/ld+json\" class=\"yoast-schema-graph\">{\"@context\":\"https:\/\/schema.org\",\"@graph\":[{\"@type\":\"WebPage\",\"@id\":\"http:\/\/avamed.czest.pl\/?page_id=743\",\"url\":\"http:\/\/avamed.czest.pl\/?page_id=743\",\"name\":\"Ochrona ma\u0142oletnich - Avamed\",\"isPartOf\":{\"@id\":\"http:\/\/avamed.czest.pl\/#website\"},\"datePublished\":\"2025-03-16T17:23:26+00:00\",\"dateModified\":\"2025-03-16T21:14:39+00:00\",\"breadcrumb\":{\"@id\":\"http:\/\/avamed.czest.pl\/?page_id=743#breadcrumb\"},\"inLanguage\":\"pl-PL\",\"potentialAction\":[{\"@type\":\"ReadAction\",\"target\":[\"http:\/\/avamed.czest.pl\/?page_id=743\"]}]},{\"@type\":\"BreadcrumbList\",\"@id\":\"http:\/\/avamed.czest.pl\/?page_id=743#breadcrumb\",\"itemListElement\":[{\"@type\":\"ListItem\",\"position\":1,\"name\":\"Strona g\u0142\u00f3wna\",\"item\":\"http:\/\/avamed.czest.pl\/\"},{\"@type\":\"ListItem\",\"position\":2,\"name\":\"Ochrona ma\u0142oletnich\"}]},{\"@type\":\"WebSite\",\"@id\":\"http:\/\/avamed.czest.pl\/#website\",\"url\":\"http:\/\/avamed.czest.pl\/\",\"name\":\"Avamed\",\"description\":\"Przychodnia Zdrowia Avamed Cz\u0119stochowa\",\"potentialAction\":[{\"@type\":\"SearchAction\",\"target\":{\"@type\":\"EntryPoint\",\"urlTemplate\":\"http:\/\/avamed.czest.pl\/?s={search_term_string}\"},\"query-input\":\"required name=search_term_string\"}],\"inLanguage\":\"pl-PL\"}]}<\/script>\n<!-- \/ Yoast SEO plugin. -->","yoast_head_json":{"title":"Ochrona ma\u0142oletnich - Avamed","robots":{"index":"index","follow":"follow","max-snippet":"max-snippet:-1","max-image-preview":"max-image-preview:large","max-video-preview":"max-video-preview:-1"},"canonical":"http:\/\/avamed.czest.pl\/?page_id=743","og_locale":"pl_PL","og_type":"article","og_title":"Ochrona ma\u0142oletnich - Avamed","og_description":"NZOZ ,, AVAMED\u201d &nbsp;Sp. z.o.o jest podmiotem leczniczym, kt\u00f3ry \u015bwiadczy r\u00f3wnie\u017c \u015bwiadczenia medycznedla pacjent\u00f3w ma\u0142oletnich. &nbsp; Naczeln\u0105 zasad\u0105 wszystkich dzia\u0142a\u0144 podejmowanych przez pracownik\u00f3w plac\u00f3wki&nbsp;jest dzia\u0142anie &nbsp;dla dobra dziecka i w jego najlepszym interesie. W naszej Przychodni&nbsp; wprowadzone zosta\u0142y &#8211; zgodnie z Ustaw\u0105 o przeciwdzia\u0142aniu zagro\u017ceniom przest\u0119pczo\u015bci\u0105 na tle seksualnym i ochronie ma\u0142oletnich &nbsp;STANDARDY OCHRONY DZIECI [&hellip;]","og_url":"http:\/\/avamed.czest.pl\/?page_id=743","og_site_name":"Avamed","article_modified_time":"2025-03-16T21:14:39+00:00","twitter_card":"summary_large_image","twitter_misc":{"Szacowany czas czytania":"7 minut"},"schema":{"@context":"https:\/\/schema.org","@graph":[{"@type":"WebPage","@id":"http:\/\/avamed.czest.pl\/?page_id=743","url":"http:\/\/avamed.czest.pl\/?page_id=743","name":"Ochrona ma\u0142oletnich - Avamed","isPartOf":{"@id":"http:\/\/avamed.czest.pl\/#website"},"datePublished":"2025-03-16T17:23:26+00:00","dateModified":"2025-03-16T21:14:39+00:00","breadcrumb":{"@id":"http:\/\/avamed.czest.pl\/?page_id=743#breadcrumb"},"inLanguage":"pl-PL","potentialAction":[{"@type":"ReadAction","target":["http:\/\/avamed.czest.pl\/?page_id=743"]}]},{"@type":"BreadcrumbList","@id":"http:\/\/avamed.czest.pl\/?page_id=743#breadcrumb","itemListElement":[{"@type":"ListItem","position":1,"name":"Strona g\u0142\u00f3wna","item":"http:\/\/avamed.czest.pl\/"},{"@type":"ListItem","position":2,"name":"Ochrona ma\u0142oletnich"}]},{"@type":"WebSite","@id":"http:\/\/avamed.czest.pl\/#website","url":"http:\/\/avamed.czest.pl\/","name":"Avamed","description":"Przychodnia Zdrowia Avamed Cz\u0119stochowa","potentialAction":[{"@type":"SearchAction","target":{"@type":"EntryPoint","urlTemplate":"http:\/\/avamed.czest.pl\/?s={search_term_string}"},"query-input":"required name=search_term_string"}],"inLanguage":"pl-PL"}]}},"_links":{"self":[{"href":"http:\/\/avamed.czest.pl\/index.php?rest_route=\/wp\/v2\/pages\/743"}],"collection":[{"href":"http:\/\/avamed.czest.pl\/index.php?rest_route=\/wp\/v2\/pages"}],"about":[{"href":"http:\/\/avamed.czest.pl\/index.php?rest_route=\/wp\/v2\/types\/page"}],"author":[{"embeddable":true,"href":"http:\/\/avamed.czest.pl\/index.php?rest_route=\/wp\/v2\/users\/1"}],"replies":[{"embeddable":true,"href":"http:\/\/avamed.czest.pl\/index.php?rest_route=%2Fwp%2Fv2%2Fcomments&post=743"}],"version-history":[{"count":2,"href":"http:\/\/avamed.czest.pl\/index.php?rest_route=\/wp\/v2\/pages\/743\/revisions"}],"predecessor-version":[{"id":751,"href":"http:\/\/avamed.czest.pl\/index.php?rest_route=\/wp\/v2\/pages\/743\/revisions\/751"}],"wp:attachment":[{"href":"http:\/\/avamed.czest.pl\/index.php?rest_route=%2Fwp%2Fv2%2Fmedia&parent=743"}],"curies":[{"name":"wp","href":"https:\/\/api.w.org\/{rel}","templated":true}]}}